he highest common factor of v and 12.
3
Let c = 300 - 288. Let x be 1502/c - 22/132. What is the highest common factor of x and 25?
25
Let w(a) = a**2 - 55*a + 500. Let u be w(44). Let m = -30 + 46. What is the greatest common divisor of u and m?
16
Let a be (-1282)/(-20) + 13*13/(-1690). What is the greatest common divisor of a and 480?
32
Let u(y) be the first derivative of -40*y + 7*y**2 + 56*y - 30*y - 43. Let m be u(12). Calculate the greatest common divisor of m and 22.
22
Let t = -304 + 928. Suppose -t*x = -616*x - 112. Calculate the greatest common divisor of x and 6.
2
Let z(i) = 27*i - 293. Let v be z(0). Let l = -249 - v. Calculate the highest common divisor of l and 572.
44
Suppose 0 = 9*b - 4*b + 2*h - 316, -b = -3*h - 53. Let s(l) = 11*l**2 + l - 3. Let c be s(-3). Calculate the greatest common factor of c and b.
31
Let c(p) = -p**2 - 8*p - 1. Let s be c(8). Let y = s + 249. What is the highest common divisor of 80 and y?
40
Let u be 28 - 5 - 19 - (-4170 - 2). What is the greatest common divisor of u and 957?
87
Let o be 9066/33 - 561/(-2057). Calculate the highest common divisor of 1575 and o.
25
Suppose u + u + 2*m = 6, 0 = 2*u - 2*m + 6. Suppose u = 6*r + 163 - 1081. Calculate the greatest common factor of 17 and r.
17
Suppose -294 = 52*g - 606. What is the highest common factor of 4038 and g?
6
Let q = -944 + 2468. What is the greatest common divisor of q and 72?
12
Suppose d + 2*s - 4*s - 2 = 0, 36 = 3*d + 4*s. Let o = 50 - 121. Let c = -47 - o. What is the greatest common divisor of c and d?
8
Suppose -5*y - 4*l + 63372 + 33395 = 0, y = 3*l + 19342. What is the highest common factor of 74 and y?
37
Let s = 61 - 33. Let d be (-3 - s/(-12))/(5/(-90)). What is the highest common factor of 24 and d?
12
Suppose 3*k = 4*c - 182 - 79, -5*k = -5*c + 325. Let i = c + -32. Suppose 2*v = 3*v - i. What is the highest common divisor of 34 and v?
34
Let q = -9646 + 9950. Calculate the highest common factor of q and 1558.
38
Let d = -1213 - -1373. Calculate the highest common divisor of d and 1310.
10
Let h be (8/28)/((-12)/84). Let b be h/(-1)*(5 - 1). What is the highest common factor of 36 and b?
4
Suppose -83*n - 10857 = -94*n. Calculate the greatest common divisor of 42 and n.
21
Suppose 141*n = 528*n - 4644. Calculate the greatest common divisor of 933 and n.
3
Let q = 8629 + -8627. What is the highest common divisor of q and 1762?
2
Suppose 0 = 2*c + o - 10 + 2, 4*o = -3*c + 17. Suppose 8*n + c*n = 429. Calculate the highest common factor of 3 and n.
3
Suppose 0 = -2*d - 5*y - 2, 3 = 2*d - 2*y - 9. Let l(w) = -962*w + 962*w + d - 4*w**2. Let v be l(0). What is the greatest common divisor of v and 8?
4
Let q = 161 + -117. Let f = -15 + 17. Suppose 2*v - 4*a - 26 = 0, f*v - 3 - 24 = 5*a. What is the highest common factor of q and v?
11
Let m be 63/189 + 10/(-3) + 59. Let k be (1/2)/(3/144). What is the highest common divisor of m and k?
8
Let o = 11 + -9. Let c(s) = -o - s + 849*s**2 + 11 - 845*s**2 - 2. Let t be c(-3). Calculate the highest common factor of 69 and t.
23
Suppose -1248 = 18*b - 25*b - 17*b. What is the greatest common divisor of b and 4069?
13
Suppose 0 = -89*j + 1805 + 1043. Suppose -5*l = -3*l - 8. What is the highest common factor of l and j?
4
Let z(r) = 3*r**2 + 106*r + 71. Let x be z(-35). What is the greatest common factor of x and 450?
18
Let h be -1*(1 - -19)/(8 - 10). Suppose 0 = -h*i - 30 + 350. Calculate the greatest common divisor of i and 208.
16
Let g(m) = -m**2 + 36*m - 87. Let r(c) = -c**2 - 2*c + 1. Let n(o) = -g(o) + 2*r(o). Let s be n(-37). What is the greatest common divisor of 8 and s?
8
Let z(p) = -p**3 - 31*p**2 - 68*p - 144. Let s be z(-29). What is the greatest common divisor of 6 and s?
2
Suppose -4*j + 3*j = -2*i + 4093, 0 = -3*i - 4*j + 6145. Calculate the highest common divisor of i and 253.
23
Suppose 3*p + p - 15 = -u, -5*u - 5*p + 30 = 0. Let i(c) = -c**2 + 2*c - c - 12 + u*c**2. Let o be i(6). What is the greatest common divisor of 6 and o?
6
Let l = 17845 - 9524. What is the greatest common divisor of 53 and l?
53
Suppose 47*g + 117*g = 34112. Calculate the greatest common divisor of g and 48.
16
Suppose 0 = -4*q - 10*m + 6*m + 12, -3*m = 0. Suppose q*j = 2*h - 634, 5*j - 324 = -2*h + 342. Calculate the greatest common divisor of 17 and h.
17
Let y be (-278)/(-17) - (-1398)/(-3961). Suppose 0*c - 24 = -c. What is the highest common factor of c and y?
8
Let p(u) = u**2 + 41*u + 38. Let o be p(-41). Calculate the greatest common divisor of 32 and o.
2
Let t be (1*5 - (5 - 0)) + 3. Suppose -z - 188 - 330 = -t*h, 493 = 3*h + 4*z. Calculate the highest common divisor of 9 and h.
9
Let u(f) = -80*f - 2*f**2 - 3*f**3 + 4*f**3 + 6 + 77*f. Let r be u(3). Suppose 0 = -36*x + 50*x - 126. Calculate the highest common factor of r and x.
3
Let l(m) = -2*m**3 - 99*m**2 - 44*m + 281. Let j be l(-49). Calculate the highest common factor of j and 20.
4
Let f(i) = -2*i + 18. Let q be f(7). Let k = 501 + -463. What is the greatest common factor of q and k?
2
Suppose -f + 3 = -5*p - 3, f = p + 10. Let v = 340 + -31. Let d = v - 188. What is the greatest common divisor of d and f?
11
Suppose -10 = -4*f + 2*r, -6 = -3*r + 3. Let o = -2 + f. Suppose -3*b - q = -26, 2*b + 2*b = o*q + 38. What is the highest common factor of b and 27?
9
Suppose -4*y + 5 = 3*f, -11*y - f = -14*y - 6. Let x = 11 + -5. Let l be x + 0/y + 0/1. Calculate the greatest common factor of l and 2.
2
Let l be ((-11)/77)/((-14)/3332). What is the highest common factor of l and 16?
2
Let s(i) = 21*i + 36. Let z be s(5). Let o be 0/1 + -9 + (319 - 216). What is the greatest common divisor of o and z?
47
Let v(d) = -d**2 + 23 + 2 + 3*d**2 - 15*d. Let k = -12858 - -12874. Let t be v(k). What is the highest common factor of 33 and t?
33
Let d be (-4)/(-2)*9646/212. Suppose 0 = 3*m + 6 - 45. What is the greatest common divisor of m and d?
13
Suppose -g = 3*s - 503, 0*g - 1017 = -2*g + 5*s. Let o = 504 + -458. Calculate the highest common factor of o and g.
46
Let w = 37 - 6. Suppose -3*t + w = -4*m - 9, -3*t = -3*m - 42. Calculate the highest common factor of t and 560.
16
Let f = -105 - -161. Let c = f + -30. Let t = -25 + c. Calculate the highest common factor of t and 9.
1
Suppose 59292 = 7*f - 4*j, -4721 - 12223 = -2*f + 2*j. Calculate the greatest common divisor of f and 12.
4
Suppose -22*l + 1100 = -18*l. What is the greatest common factor of l and 605?
55
Suppose g - 7 = 21. Let n be (22/4)/(3/24). Let r = n - 40. What is the greatest common factor of r and g?
4
Let n(w) = 8*w + 55. Let r be n(-7). Let x(z) = 8*z**2 + 3*z. Let h be x(r). Calculate the highest common factor of 25 and h.
5
Let k = -268 - -308. Calculate the highest common factor of 376 and k.
8
Let a(q) = 10*q - 77. Let p be a(8). Suppose -p*g = -5 - 43. Let b = g - -36. What is the greatest common factor of b and 130?
26
Suppose -43*w + 27*w + 32 = 0. Suppose 5*t - w*y = 95 + 65, 2*y = 0. Calculate the highest common divisor of t and 72.
8
Suppose -2*u + 70 = a, -4*u = a + 222 - 302. Calculate the highest common divisor of 348 and a.
12
Let p = 35 - 34. Let a be 1 + (-4 - -4 - p). Suppose a*x + 1450 = 5*h + 2*x, -4*h = x - 1157. Calculate the greatest common divisor of 36 and h.
36
Suppose 0 = -w + 2*w + 2*l + 137, 277 = -2*w - 5*l. Let v = w + 153. Suppose 0*y + v = y. What is the greatest common factor of y and 121?
11
Let p = -1632 + 2262. Calculate the greatest common divisor of p and 693.
63
Let o be ((-1160)/(-12) - 6*-1) + 12/9. What is the highest common factor of o and 2795?
13
Let s(f) = -491*f + 3. Let z be s(-1). Suppose -6*r + 1544 = z. Suppose 5*o + r = 10*o. Calculate the greatest common divisor of o and 35.
35
Let m be (-48)/12 - -42634 - -14. Calculate the highest common divisor of m and 28.
28
Suppose -1 + 0 = -a. Let t(f) = 17*f**2 + f. Let s be t(a). Let l = -1958 - -1970. Calculate the greatest common divisor of l and s.
6
Let j = 93 + -117. Let f = 33 + j. Let p(t) = -t**3 - 9*t**2 - 7*t + 11. Let b be p(-8). What is the highest common factor of b and f?
3
Let k be (439584/(-72))/(16/(-12)). What is the greatest common divisor of 19 and k?
19
Suppose 80 = 3*f - f. Let w be -9*20/90 + 17. What is the greatest common divisor of w and f?
5
Let b(r